- t**2 + 106. Let f be b(0). Let y = -76 + f. Suppose 2*x + 0*x + 93 = 5*k, x - y = -2*k. List the prime factors of k.
17
Suppose -d + 2*j = 3*j - 3, -9 = 3*j. Let p(z) = z**2 + z - 6. Let s be p(d). Suppose -a - 2*a = -s. List the prime factors of a.
2, 3
Let s = 58 - 35. Suppose 0 = -3*b - 3*u + 21, s = 3*b + 2*b + 2*u. What are the prime factors of b?
3
Let l = -95 - -220. What are the prime factors of l?
5
Let v(r) = -r - 5. Let c be v(-6). What are the prime factors of -1 + (20 - -3 - c)?
3, 7
Suppose 498 = 10*g - 1132. What are the prime factors of g?
163
Let m be (45/10)/(3/16). Let v be (m/(-3))/((-3)/6). Suppose -5*l = -6*l + v. List the prime factors of l.
2
Let z(o) = o**2 - 6*o + 2. Suppose -5*t - 4*q + 5 + 21 = 0, -t - 4*q + 2 = 0. List the prime factors of z(t).
2
List the prime factors of (-1)/(2 - 35/17).
17
Suppose a = o - 4*o - 29, 3*a + 4*o + 67 = 0. Let h = -3 - a. List the prime factors of h.
2, 7
Let j(h) = h**2 - 8*h + 4. Let b be j(7). List the prime factors of b - (-38)/(-4)*-2.
2
Let l(w) = -2*w - 2. List the prime factors of l(-13).
2, 3
Suppose 0*k = -k + 5. Suppose 5*s - u - 106 = 0, -k*s = -2*u - 95 - 12. List the prime factors of s.
3, 7
List the prime factors of 3052/126 + 2/(-9).
2, 3
Suppose 20*u + 66 = 226. List the prime factors of u.
2
Let h(i) = i**3 - 8*i**2 + i + 9. Let c = 8 + 0. List the prime factors of h(c).
17
Let x = 13 + -6. Suppose 0*g - x = -g. List the prime factors of g.
7
Let r(q) = 303*q**2 + 6*q. List the prime factors of r(-1).
3, 11
Let o(i) = 5*i**2 - i + 1. Let v be o(1). Suppose 4*t - n - 28 = 0, v*n + 28 = 4*t - 0*n. Suppose -36 = 3*w - t*w. List the prime factors of w.
3
Suppose -3*q = -17 + 2. Suppose 2*d - q*h + 9 = 0, 0 = -0*d - 4*d + h + 9. List the prime factors of d.
3
Suppose -m + 2*m = 10. What are the prime factors of m?
2, 5
Let n(b) = -1 - 7*b - b**2 + b + 8. What are the prime factors of n(-5)?
2, 3
Suppose -x - 414 = -10*x. What are the prime factors of x?
2, 23
List the prime factors of -11*(1 - (-4 - -8)).
3, 11
Suppose -3*q + 4*l + 446 = 0, -5*q + 5*l + 122 = -623. List the prime factors of q.
2, 3, 5
Let t(i) = -i**3 - 6*i**2 + 8*i + 10. Let r be t(-7). Suppose -6*p = u - p - 29, -2*u - r*p + 65 = 0. What are the prime factors of u?
2, 17
Suppose 5*l - 3*b - 69 = 3, 2*l - 8 = -4*b. What are the prime factors of l?
2, 3
Let q be (2/(-4))/((-1)/12). Let y be 6/2 + 0 - 176/(-8). Suppose q*h - h = y. List the prime factors of h.
5
List the prime factors of (2/(16/428))/((-3)/(-6)).
107
Suppose -9 = -m - 2*m, 3*m + 1316 = 5*t. List the prime factors of t.
5, 53
Suppose -3*b + 2*n = -2*n - 504, 5*b + 4*n = 808. Suppose -2*m = 2*m - b. What are the prime factors of m?
41
Let f(t) = 52*t**3 + 2*t**2 - 4*t + 3. What are the prime factors of f(2)?
419
Let p be (-3)/15 - 2/(-10). Suppose o + p*o = 3*l - 42, -69 = -5*l + 2*o. List the prime factors of l.
3, 5
Let z be (-2)/1 - -1 - -1. Suppose -a + 19 - 7 = z. Suppose -5*k = -5*b - 12 + 27, 4*b - 5*k = a. List the prime factors of b.
3
Suppose 4*x - 7 = 3*x - 4*g, -4 = 2*g. What are the prime factors of x?
3, 5
Suppose v = -2*q - 1, -5*v + 2*v = -5*q + 3. Suppose 38 = 2*u - 0*b + 2*b, -2*u + 3*b + 28 = q. What are the prime factors of u?
17
Let o(v) = -v**2 + 22*v - 1. What are the prime factors of o(10)?
7, 17
Let x = -15 - -17. Suppose -2*d - 12 = -3*i, i - 5*i = 2*d - 2. What are the prime factors of 7/i*(x + 0)?
7
Suppose 4*t + 4*x = 12, -4 = -2*x + 2. Suppose -22 - 78 = -4*o + 4*y, t = o - 3*y - 25. List the prime factors of o.
5
Suppose -4 = 4*g + 16, 1080 = 3*t - 3*g. What are the prime factors of t?
5, 71
Let s be ((-12)/9)/((-6)/9). Let h be (12/10)/((-2)/(-10)). Suppose h*p - s*p - 8 = 0. List the prime factors of p.
2
What are the prime factors of 3205/45 - (-4)/(-18)?
71
List the prime factors of (-14)/(-91) + (-334)/(-26).
13
Let p(w) = -26*w + 24. List the prime factors of p(-7).
2, 103
Let u = -8 + 22. List the prime factors of u.
2, 7
Suppose c + 9 = 5. What are the prime factors of (2 + 18)/c*-5?
5
Let a(d) = 6 - 3 - 11*d - 1 - 1. List the prime factors of a(-1).
2, 3
Suppose -i = -2*b - 3*b - 34, 170 = 3*i + 2*b. List the prime factors of i.
2, 3
Let j(v) = v**3 - 7*v**2 - 7. Let t be (-2)/3*63/(-6). Let q be j(t). What are the prime factors of (q/2)/(1/(-2))?
7
Suppose -3*x + 91 + 29 = 0. List the prime factors of x.
2, 5
Let i(l) = l**2 - 6*l - 3. Suppose 3*m - 44 = -4*v, -5*m = 5*v - 4*m - 66. Suppose w - v = -6. List the prime factors of i(w).
13
Suppose 4*l = 575 - 55. List the prime factors of l.
2, 5, 13
Let i = 9 - 5. List the prime factors of 2 - 2/i*-2.
3
Suppose 4*v - 2*p - 22 = -3*p, 2*v + 4*p = 18. Let s(k) be the third derivative of -k**6/120 + k**5/10 - k**4/8 - 6*k**2. What are the prime factors of s(v)?
2, 5
Suppose -h + 8 + 0 = 0. Suppose 0*o + 4*o - h = 0. Suppose 5*x + 13 = w - o*w, 3*x + 3 = -3*w. What are the prime factors of w?
2
Let z = 20 + 13. Let n = z - 5. What are the prime factors of n?
2, 7
Suppose 0 = 3*u - 6*u + 15. Suppose -r + 14 = -5*x - 30, u*r = -5*x + 70. What are the prime factors of r?
19
Let b(m) = m - 7. Let k be b(5). Suppose -3*x = 3*u - 15, 4*x + 2*u + 2 = 5*x. Let r = k + x. What are the prime factors of r?
2
Let f(m) = -m**2 + 9*m - 3. Let j be f(8). Suppose -j = -3*a + 49. List the prime factors of a.
2, 3
Let d(s) be the third derivative of s**4/24 + 19*s**3/6 + 4*s**2. What are the prime factors of d(0)?
19
Let x(u) = u**3 - 3*u**2 - u. Let z be x(3). What are the prime factors of (0/z - -2) + 16?
2, 3
Let k = -30 + -1. Let b = -17 - k. What are the prime factors of b?
2, 7
Suppose -3*b - 2*b + 259 = -2*y, -b = -3*y - 44. List the prime factors of b.
53
Let p(l) = 0*l + 8 + 4*l**2 - 4*l - 8*l**2. Let o(g) = -11*g**2 - 12*g + 23. Let m(v) = -3*o(v) + 8*p(v). What are the prime factors of m(-6)?
7
Let y(l) = l**2 - 4*l - 6. Let t(h) = -h**3 - 10*h**2 - 9*h + 6. Let f be t(-9). Let j be y(f). Suppose 3*v - j = -0. What are the prime factors of v?
2
Suppose 5*z = 3*n - 105, 20 = 5*n - 5*z - 145. What are the prime factors of n?
2, 3, 5
Let f = 19 + -11. Suppose a + f = 2*a. What are the prime factors of a?
2
Let t = -7 + 12. Let w = 7 - t. List the prime factors of (1 - w - 0) + 7.
2, 3
Let n be 2288/24 + 4/6. Let b = -62 + n. What are the prime factors of b?
2, 17
Let o(x) be the second derivative of -x**3/2 - 3*x**2 + 3*x. What are the prime factors of o(-6)?
2, 3
Let z be (18/21)/(2/(-14)). Let k(n) = 2*n**2 + 4*n + 2. Let a be k(-2). What are the prime factors of (2/z)/(a/(-66))?
11
Let m be (-1)/(-2) + 88/16. Suppose y = k - 24, y - m = 4*k - 87. List the prime factors of k.
19
Suppose 2*m = v - 5 - 5, 3*m + 13 = v. Let n = m - -3. Suppose 2*q - 3*p + 6 = 30, 5*q - 3*p - 69 = n. What are the prime factors of q?
3, 5
Let y(m) = m**2 + 9*m + 7. Let p be y(-8). Let v(d) = -d + 3. Let q be v(6). What are the prime factors of (q + p)/(16/(-40))?
2, 5
Let l = -4 + 7. Let j(d) = -d + 6. List the prime factors of j(l).
3
List the prime factors of (6/(-9))/((-26)/9087).
233
Let p be (4 + -1)/(-3) - -4. Suppose -i - 3*i + 34 = -p*d, -18 = 2*d + 2*i. What are the prime factors of (24/(-10))/(3/d)?
2
Suppose 0 = 4*v + 2*n - 28, 27 = 4*v - 5*n - 15. What are the prime factors of (-324)/v*4/(-6)?
3
Suppose 4*w + 4*k = 4, k + 2*k + 3 = 0. Suppose w*j + 3*z = 3, -4*j + 8*j - 4*z - 16 = 0. List the prime factors of j.
3
Suppose -b - 130 = -5*c, -3*b + 4*b = 5. List the prime factors of c.
3
Let a(b) = b**3 + 5*b**2 - b - 6. Let u be a(-5). Let p(m) = 4*m**2 - m. Let w be p(u). Suppose 4*z + w = -4*f + 21, -2*f - 1 = z. List the prime factors of z.
3
Let h(o) = 6*o + 3. Suppose -4*y = -y + 2*t - 5, y + 5*t + 7 = 0. Let a be h(y). Suppose a + 3 = 3*k. List the prime factors of k.
2
Let r = -32 - -58. Let h = r + -18. List the prime factors of h.
2
Suppose -2*n + 12 = n. Let m = n - 8. What are the prime factors of (2/m)/((-3)/36)?
2, 3
Suppose f + 634 = 4*b, -2*b + 3*f = -6*b + 642. What are the prime factors of b?
3, 53
Suppose 2*c - 4*h - 6 = 0, -8 = 2*c - 3*c + h. Let i = -6 + c. What are the prime factors of i?
7
Let t(u) = 11*u - 1. Suppose 3 = -5*s - 2. Let w be t(s). Let y = 20 + w. List the prime factors of y.
2
Let c be (-84)/(-18) + (-2)/(-6). Suppose c*p - 42 = 2